{"id":167,"date":"2024-03-16T17:57:43","date_gmt":"2024-03-16T17:57:43","guid":{"rendered":"https:\/\/dgabogados.net\/?page_id=167"},"modified":"2024-03-16T18:30:31","modified_gmt":"2024-03-16T18:30:31","slug":"derecho-penal","status":"publish","type":"page","link":"https:\/\/dgabogados.net\/index.php\/derecho-penal\/","title":{"rendered":"Derecho Penal"},"content":{"rendered":"\n<h2 class=\"wp-block-heading\"><strong>Derecho Penal<\/strong><\/h2>\n\n\n\n<p><strong>Especialistas en la defensa y protecci\u00f3n de una v\u00edctima o victimario cuando se ha cometido un delito. Buscar\u00e1, siempre dentro del marco legal, lograr el mayor beneficio posible para su representando respetando los derechos fundamentales.<\/strong><\/p>\n","protected":false},"excerpt":{"rendered":"<p>Derecho Penal Especialistas en la defensa y protecci\u00f3n de una v\u00edctima o victimario cuando se ha cometido un delito. Buscar\u00e1, siempre dentro del marco legal, lograr el mayor beneficio posible para su representando respetando los derechos fundamentales.<\/p>\n","protected":false},"author":1,"featured_media":0,"parent":0,"menu_order":0,"comment_status":"closed","ping_status":"closed","template":"","meta":{"_monsterinsights_skip_tracking":false,"_monsterinsights_sitenote_active":false,"_monsterinsights_sitenote_note":"","_monsterinsights_sitenote_category":0,"footnotes":""},"aioseo_notices":[],"_links":{"self":[{"href":"https:\/\/dgabogados.net\/index.php\/wp-json\/wp\/v2\/pages\/167"}],"collection":[{"href":"https:\/\/dgabogados.net\/index.php\/wp-json\/wp\/v2\/pages"}],"about":[{"href":"https:\/\/dgabogados.net\/index.php\/wp-json\/wp\/v2\/types\/page"}],"author":[{"embeddable":true,"href":"https:\/\/dgabogados.net\/index.php\/wp-json\/wp\/v2\/users\/1"}],"replies":[{"embeddable":true,"href":"https:\/\/dgabogados.net\/index.php\/wp-json\/wp\/v2\/comments?post=167"}],"version-history":[{"count":2,"href":"https:\/\/dgabogados.net\/index.php\/wp-json\/wp\/v2\/pages\/167\/revisions"}],"predecessor-version":[{"id":181,"href":"https:\/\/dgabogados.net\/index.php\/wp-json\/wp\/v2\/pages\/167\/revisions\/181"}],"wp:attachment":[{"href":"https:\/\/dgabogados.net\/index.php\/wp-json\/wp\/v2\/media?parent=167"}],"curies":[{"name":"wp","href":"https:\/\/api.w.org\/{rel}","templated":true}]}}